first derivative of b**3/3 + 3*b**2 - b + 3. Determine y(z).
-10
Let m(t) be the first derivative of -t**3/3 + 5*t**2/2 + 7*t + 4. Determine m(5).
7
Let z(f) = -f - 1. Let a be z(-6). Let x be (-3 + 1)/(2/(-3)). Let b(q) = x + 2 - 4*q**2 + 3*q**2 + 5*q. What is b(a)?
5
Suppose -4*w - 1 = 2*z - 5, 5*z - 4*w = 24. Let d be (1/(-2) + 1)*4. Let p(a) = -5 - a**d + 0*a + 1 + 6*a. Calculate p(z).
4
Let n = 2 - -2. Let a be 15/21 + n/14. Let m(p) = -3*p + p - p**2 - a + 0. What is m(-2)?
-1
Let d(c) be the first derivative of -c**2/2 - c + 3. Let x(z) = -z - 3. Let p be x(-3). Suppose p*m = 3*m + 6. Give d(m).
1
Let f = 0 + 5. Suppose q + 7 = -p, -12 = -p + f*p - 4*q. Let y(l) be the first derivative of l**4/4 + 4*l**3/3 - 3*l**2/2 + 2*l + 3. Calculate y(p).
-8
Suppose -3*a + 2 = -4. Suppose y = -5, a*o - 5*y = -2*o + 49. Let s(x) = x + 4*x - 4 - o*x. Calculate s(0).
-4
Let l(k) be the second derivative of -k**4/12 + k**3/6 + k**2/2 - 2*k. Let w(h) = -5*h**2 + h + 2. Let d(u) = -4*l(u) + w(u). Calculate d(-3).
-2
Let d(f) = 6*f**2 - 4*f + 17. Let v(s) = 4*s**2 - 3*s + 11. Let m(o) = 5*d(o) - 8*v(o). Suppose 3*y = -y + 12. Suppose -4*a + y*a = -2. Determine m(a).
-3
Let b = 5 + -3. Let a = 0 + b. Let u be -1*2 + (a - -4). Let o(d) = -d**3 + 3*d**2 + 4*d - 4. Calculate o(u).
-4
Let t(d) be the third derivative of -3*d**2 + 1/6*d**3 + 0 + 0*d + 1/12*d**4 + 1/60*d**5. Suppose -3*p - 12 = -0. Give t(p).
9
Let g(y) = y**3 - 5*y**2 - 5*y + 7. Suppose 2*c = -6*q + q + 38, -q - c = -10. Give g(q).
13
Let p(w) be the second derivative of -1/8*w**4 - 1/6*w**3 + 0 - w - 1/120*w**5 + 0*w**2. Let z(d) be the second derivative of p(d). What is z(-3)?
0
Let n be 1*(-19 - -1)/(-3). Let y(q) = 1. Let c(b) = b + 5. Let m(x) = n*y(x) - c(x). Give m(-4).
5
Let a be ((-12)/(-10))/((-3)/(-10)). Suppose -a*o + 0 = -8. Let d(z) = z + o*z - z**3 - 4*z**2 + z. Give d(-5).
5
Suppose -21 = -4*g + s, -5*s + 16 = 2*g - 11. Let n(j) = g + 3 + 2*j + 2*j - 3*j. Let v(o) = -2*o. Let q be v(2). Give n(q).
5
Let d(w) = -w**2 + w - 1. Let r(i) = -i**2 + i - 2. Let o(l) = 4*l**2 - 4*l + 8. Let c(z) = -2*o(z) - 9*r(z). Let t(y) = -4*c(y) - 5*d(y). Determine t(4).
9
Let r(a) = a**3 - 2*a**2 - 2*a + 2. Let h be r(2). Let q = 1 - h. Suppose 0 = -3*g - 2*g + 25, 4*x + q*g = 11. Let y(l) = -2*l**2 - 2*l - 1. Give y(x).
-1
Let v(d) = d**3 + d**2 - 2*d. Let a = 54 - 57. Determine v(a).
-12
Let p = 4 - 7. Let y(z) be the first derivative of -z**3/3 - z**2/2 - 3. Calculate y(p).
-6
Let d be (-1)/6 - (-209)/66. Let m = 14 + -8. Suppose -m*r = -d*r - 18. Let u(g) = g**3 - 7*g**2 + 4*g + 6. Determine u(r).
-6
Let y(h) = -4*h**2 + h + 1. Let n(i) = 2*i - 2. Let j be n(4). Let x be (-4)/j - (-5)/(-15). Give y(x).
-4
Let g be (7 + -2)*24/30. Let d(w) = -2*w + 1. Give d(g).
-7
Let x(l) = -2*l + 4. Let b = 6 - 4. Suppose -6*w + b*w = 0. Suppose 0 = -5*s + p + 20, w*s + 2*p + 15 = 5*s. Give x(s).
-6
Let q(b) = 2*b**3 + 7*b**2 - 6*b + 7. Let k(j) = 3*j**3 + 7*j**2 - 5*j + 7. Let g(s) = -3*k(s) + 4*q(s). Determine g(6).
-11
Let v(j) = -j**2 + j. Let i(t) = -3*t**2 - 7*t + 1. Let m(h) = -i(h) + 2*v(h). Determine m(-8).
-9
Suppose -5 = 3*s + v, 4*v - 6*v = -s + 10. Let d(f) = -f**3 + f**2 - f + 4. Give d(s).
4
Let l(z) = -z + 1. Let y(j) = 3*j + 1. Let n(q) = -2*l(q) - y(q). Calculate n(-6).
3
Let h(g) = g**2 + 2*g + 5. Let l(z) = -2*z**2 + z + 4. Let v(n) = 3*n**2 - n - 4. Let f(d) = -4*l(d) - 3*v(d). Let x(w) = 5*f(w) + 4*h(w). Give x(4).
-4
Suppose -15 = k - 4*k. Suppose -l = -2*u + k, 5*u + l - 33 + 3 = 0. Let t(h) = -h**3 + 4*h**2 + 4*h. Determine t(u).
-5
Let o(y) = 2*y**2 + 2*y + 49 - 45 + y - y**3. Let x be 0 - 2/2*-2. Suppose -x*p + 13 = -p + 5*z, -5*z = -5*p + 5. What is o(p)?
4
Let v be (2 + (-6)/3)*1. Let m(n) = 0 + 5*n**2 + v - n**3 - 2*n + 7. Let g = -1 + 6. Determine m(g).
-3
Let u(g) = 5*g + 1. Let l(v) = -17*v + 1. Let h(o) = -33*o + 1. Let y(x) = 3*h(x) - 5*l(x). Let d(m) = 11*u(m) + 4*y(m). Give d(3).
0
Let w(s) be the second derivative of -s**3/3 - 3*s**2 - 12*s. Determine w(-5).
4
Let l = 3 - 5. Let m(r) be the third derivative of r**5/60 + r**4/24 + 2*r**2. What is m(l)?
2
Let u(s) = -s**2 - 3*s - 4. Let c be -6*9/((-108)/(-8)). What is u(c)?
-8
Let v(l) = 7*l + 3. Let w(a) = 8*a + 3. Let m(t) = -7*v(t) + 6*w(t). Let b = -2 - -18. Let n = 12 - b. Give m(n).
1
Suppose 0 = 5*b + 5*g - 266 + 101, -156 = -5*b - 2*g. Suppose -4*u + b = -u. Let v = -6 + u. Let z(a) = a**3 - 3*a**2 - 5*a + 1. What is z(v)?
-3
Suppose m + 5 = -2*h, -h + 2*m + 2 + 3 = 0. Let v(y) = -5*y**2 + 2*y + 1. Give v(h).
-6
Let d(y) = -9*y + 2. Suppose 2*b + f = -3 - 4, 0 = -5*f - 15. Let v(q) = -64 + 341*q + 0 - 13. Let o(t) = b*v(t) - 77*d(t). What is o(1)?
11
Let r(a) = 8*a + 3 - 4 - 7*a. Suppose 3*c - 7 - 2 = 3*s, -c - 7 = 4*s. Determine r(c).
0
Let q(w) = w + 6 + 2 + 9 - 28. Calculate q(8).
-3
Suppose -9 = 5*b + 1. Let x(g) = -g**3 + g**2 - g. Let w(l) = 5*l**3 - 8*l**2 + 5*l - 2. Suppose 0 = -s + 5*s + 24. Let t(a) = s*x(a) - w(a). Calculate t(b).
0
Suppose 1 = -2*j + 5. Let b(i) be the second derivative of 0 - 5/6*i**3 + 3*i + 1/12*i**4 + 1/2*i**j. Give b(5).
1
Let c(u) = -u**3 + 3*u**2 - 3*u + 2. Let y(q) = q + q**2 + 2 - 6*q + 2 - 1. Let v be y(5). What is c(v)?
-7
Let w(x) be the first derivative of -5*x**4/4 + x**2 + x + 14. Calculate w(-1).
4
Let z(i) be the second derivative of -i**4/12 - 4*i**3/3 - 5*i**2 + i. Let b be z(-7). Let n(g) = -g - 3. Determine n(b).
0
Suppose 4*n - c - 4 = 0, -3*c + 6 = -5*n + c. Let d(x) = 72*x**3 + 5 - 70*x**3 - 5 - 3*x**2. What is d(n)?
4
Suppose 4*y - 2*q - 26 = -0*q, 0 = 2*q + 2. Let p(s) = -6 - 1 + s**3 - 2*s**2 + s - 4*s**2. Let u be p(y). Let w(l) = -8*l + 1. Calculate w(u).
9
Let r be (-24)/(-14) - 4/(-14). Suppose l = -3*w - r, 2*w + w + 22 = -5*l. Let f(k) be the first derivative of k**2 + 1. What is f(w)?
2
Let g(y) be the first derivative of y**5/40 - y**4/24 + 2*y**3/3 - 1. Let j(c) be the third derivative of g(c). Calculate j(-1).
-4
Let i = 6 + -6. Let r(o) = 3 + i*o + 4*o - 1 - 3*o. Give r(3).
5
Let r(a) = -7*a**3 - 4*a**2 + 18 - 9*a**2 - 5 - 2*a. Let d(p) = 11*p**3 + 20*p**2 + 3*p - 20. Let i(m) = -5*d(m) - 8*r(m). Calculate i(-3).
2
Let v = -91 - -547/6. Let b(k) be the third derivative of 0*k + v*k**3 + 0 - 1/12*k**4 - 2*k**2. Give b(1).
-1
Let g be ((-3)/3)/(1/(-5)). Suppose -4*o - 3*t = -0*t - 8, -t = g*o - 10. Let p(z) = -z**3 + 4*z**2 - 3*z + 1. Give p(o).
3
Let q(s) = -s + 3. Let h be q(4). Let p be h/(-2*4/32). Let r(i) be the third derivative of i**6/120 - i**5/15 - i**4/8 + i**3 + i**2. Determine r(p).
-6
Let c = 0 + 1. Let q(h) = -2 + 4 + 1 + c + h. Determine q(-4).
0
Let y(j) be the first derivative of j**3/3 + 3*j**2/2 - j + 2. Suppose 0 = -2*p - 4*p - 12. Determine y(p).
-3
Let k(u) = -2*u + 2. Let j(f) = -f**2 - 4*f + 2. Let q be j(-4). Let l be 36/8 - q/4. Suppose -8 + 0 = -l*r. Calculate k(r).
-2
Suppose 0 = 2*l - 5*p - 50, 0 = 5*l + 2*p - 0*p - 67. Let d(y) = 7 + y - l + 4*y + 7. Suppose 0 = 3*o - 8*o + 5. Determine d(o).
4
Let o be (7/(-3) + 2)*-9. Let d(c) = -7*c + 3 + 4*c**2 + 2*c - o*c**2. Suppose 12 = 2*r + 2*r. Calculate d(r).
-3
Let g(q) be the first derivative of -q**3 + 15*q**2/2 + 14*q - 4. Let n(j) = -2*j**2 + 8*j + 7. Let v(x) = -3*g(x) + 5*n(x). Determine v(-5).
-7
Let n(i) = i - 5. Let x be n(9). Suppose 0*v = 5*v - x*o + 12, 0 = -2*o + 6. Suppose -4*s - 16 = -v*s. Let p(g) = -g**2 - 2*g + 5. Determine p(s).
-3
Let s be (-12)/9*3/(-2). Let a(v) = -2*v - 1. Give a(s).
-5
Let y = 9 - 7. Let f(b) = -2*b + 0 + 2*b**2 + 3 - 5. Give f(y).
2
Let u(y) be the third derivative of -1/60*y**5 + 7/24*y**4 + 0 + y**2 + 0*y - 1/6*y**3. What is u(5)?
9
Let m(h) = -h**2 + 5*h - 5. Suppose -4*u + 3*u = 8. Let n(g) = g**2 + 7*g - 3. Let t be n(u). Give m(t).
-5
Let q(d) = 5*d**2 - 2*d. Let y(w) = w**2 - w. Let u(g) = -q(g) + 2*y(g). Calculate u(2).
-12
Let q = -6 - -8. Let x(v) = 4*v**2 + v - 3*v**2 + 5*v**q - 4*v**2. What is x(1)?
3
Let l(m) = -m**2 + m + 2. Suppose 17*g = 13*g. Determine l(g).
2
Suppose -2*o - 8 = -0*o. Suppose -4 - 5 = 3*d. Let y be o/(-3)*d/2. Let a(v) = 2*v**3 + 3*v**2 + v. What is a(y)?
-6
Let q(z) = -z**3 - 6*z**2 - z - 3. Let a = 10 + -16. Let k be q(a). Let i be -3*k*4/(-18). Let b(c) = 4*c - 3. Determine b(i).
5
Let b(j) b